 261*z + 3329. Calculate b(-247).
-129
Let g(t) = -5227*t + 31536. What is g(6)?
174
Let u(a) = a**2 - 454*a - 16060. What is u(-33)?
11
Let h(r) = 2*r**2 + 730*r + 58329. Calculate h(-117).
297
Let h(d) = -d**2 - 1379*d - 471108. Give h(-624).
12
Let n(b) = -b**3 - 27*b**2 - 1193*b - 34214. Calculate n(-28).
-26
Let v(c) = -4*c**2 - 410*c + 954806. Calculate v(440).
6
Let m(u) = 10*u**3 + 26*u**2 + 98*u + 15. Give m(-4).
-601
Let c(p) = p**2 - 44378*p - 266303. What is c(-6)?
1
Let b(a) = a**3 + 507*a**2 + 696*a + 96088. Calculate b(-506).
-52
Let t(b) = 23*b**2 + 1157*b + 2553. Calculate t(-48).
9
Let p(y) = 82*y**2 - 30*y - 19. Determine p(-1).
93
Let t(o) = 2*o**3 - 15*o**2 + 129*o - 636. Give t(6).
30
Let q(i) = 3*i**3 - 99*i**2 - 323*i - 25. Determine q(36).
11
Let w(y) = 4*y**2 + 191*y - 1101. Give w(-53).
12
Let r(a) = -3774*a + 656601. Determine r(174).
-75
Let u(h) = 1168*h + 26822. Give u(-23).
-42
Let v(l) = -2*l**2 - 2400*l - 466528. Calculate v(-244).
0
Let q(x) = 246*x + 8078. Give q(-34).
-286
Let w(y) = -y**3 + 628*y**2 + 2522*y - 48. What is w(-4)?
-24
Let t(w) = -5*w**2 - 969*w - 5322. Determine t(-188).
130
Let b(o) = -109*o**2 - 15151*o + 46440. Calculate b(3).
6
Let a(r) = -2*r**2 + 86*r - 903. Calculate a(18).
-3
Let g(k) = 7*k**2 + 537*k - 796. Calculate g(-76).
-1176
Let j(u) = 65*u - 41799. Calculate j(643).
-4
Let g(k) = 1293*k**2 - 34916*k + 125. Give g(27).
-10
Let m(h) = -77440*h - 39262074. Determine m(-507).
6
Let s(m) = 5920*m**2 - 53284*m + 42. What is s(9)?
6
Let p(o) = 7694*o + 1023304. What is p(-133)?
2
Let y(v) = 21*v**3 - 96*v**2 + 38*v + 51. What is y(1)?
14
Let z(t) = -t**3 + 29*t**2 + 45*t + 2667. What is z(33)?
-204
Let x(n) = n**2 - 26*n + 378. Determine x(0).
378
Let n(b) = -12*b**3 - 385*b**2 - 13*b - 152. Calculate n(-32).
-760
Let d(w) = 2142*w - 17122. Determine d(8).
14
Let a(o) = o**3 - 2*o**2 - 1088*o + 8597. Calculate a(8).
277
Let q(w) = w**2 - 21*w - 88. Determine q(36).
452
Let j(a) = -1085*a + 8916. Give j(8).
236
Let a(g) = 322*g - 3100. Determine a(9).
-202
Let w(k) = -8*k**3 - 117*k**2 - 113*k - 2341. Calculate w(-15).
29
Let t(a) = 25*a**3 - a**2 + 39*a + 152. Determine t(-3).
-649
Let i(m) = m**2 + 980*m - 17896. What is i(18)?
68
Let j(l) = 3757*l + 94272. Calculate j(-25).
347
Let u(o) = 63*o**2 + 202*o - 47. Give u(-3).
-86
Let o(p) = -11*p**2 + 1856*p + 2410. Determine o(170).
30
Let d(r) = r**2 + 4*r - 4441. Calculate d(-68).
-89
Let n(o) = 993*o + 11225. What is n(-11)?
302
Let g(x) = 7*x**2 - 1694*x + 13405. Give g(8).
301
Let p(f) = -f**3 + 877*f**2 + 85916*f + 56025. Give p(966).
-3
Let w(i) = 4*i**2 - 515*i - 8305. Calculate w(-17).
1606
Let s(q) = -214071*q - 1070324. What is s(-5)?
31
Let y(a) = 20*a**3 + 98*a**2 - 65*a + 8. Determine y(-7).
-1595
Let q(o) = -32370*o - 873968. Calculate q(-27).
22
Let q(d) = -5*d**3 + 409*d**2 - 196*d - 41925. Determine q(80).
-5
Let k(x) = -x**3 + 391*x**2 - 12137*x - 340. Give k(357).
17
Let g(i) = i**3 - 17*i**2 + 40*i + 85. Determine g(5).
-15
Let v(q) = 1142*q + 22352. Calculate v(-20).
-488
Let q(o) = -19*o**2 + 497*o - 2390. Determine q(20).
-50
Let j(o) = o**2 - 4049*o - 545. What is j(0)?
-545
Let r(u) = -68*u**3 - 410*u**2 - u + 25. Give r(-6).
-41
Let s(q) = q**3 + 12*q**2 - 44*q - 290. Calculate s(-14).
-66
Let i(k) = -6*k**2 + 3095*k - 11653. Determine i(512).
123
Let i(r) = 13*r**2 + 1620*r - 76137. Give i(-161).
16
Let c(n) = 155546*n + 155523. Determine c(-1).
-23
Let c(z) = 153*z + 2557. Give c(-17).
-44
Let v(p) = p**3 + 92*p**2 + 212*p + 634. Determine v(-90).
-2246
Let p(t) = -242602*t + 2911206. Determine p(12).
-18
Let w(l) = -l**3 - 32*l**2 + 59*l - 149. What is w(-35)?
1461
Let p(w) = 49656*w - 108. Give p(0).
-108
Let p(i) = -i**3 - 36*i**2 - 949*i - 31993. Determine p(-35).
-3
Let p(u) = 7*u - 585. What is p(-111)?
-1362
Let g(z) = 600*z - 4168. Give g(4).
-1768
Let x(o) = o**2 + 13151*o - 91982. What is x(7)?
124
Let k(d) = 3470*d - 409451. What is k(118)?
9
Let t(r) = -8803*r - 35262. Calculate t(-4).
-50
Let t(g) = 7*g**2 + 76*g + 144. What is t(-6)?
-60
Let t(l) = -42359*l**2 + 42378*l + 1. Give t(1).
20
Let y(h) = 395*h**2 - 1567*h - 12. Give y(4).
40
Let v(h) = h**3 + 378*h**2 + 35714*h + 43071. Give v(-173).
-6
Let n(r) = -29*r**3 - 1804*r**2 - 381*r - 554. Determine n(-62).
4
Let q(n) = n**3 + 144*n**2 + 1209*n + 317. Give q(-135).
1127
Let z(f) = -3038*f + 24299. Calculate z(8).
-5
Let i(q) = q**3 + 21*q**2 - 306*q - 5330. Calculate i(-13).
0
Let f(r) = 2*r**3 - r**2 - 9781*r + 39112. Give f(4).
100
Let n(g) = 21758*g - 61888. Calculate n(3).
3386
Let x(z) = 1944*z + 229459. Calculate x(-118).
67
Let u(p) = -4*p**2 - 130*p + 540. What is u(-41)?
-854
Let z(s) = -307*s - 32250. Calculate z(-108).
906
Let a(k) = -32*k - 2647. Give a(-84).
41
Let l(w) = w**2 + 1615*w + 22396. Determine l(-14).
-18
Let v(a) = -7*a**3 - 472*a**2 - 219*a + 228. Calculate v(-67).
1434
Let h(f) = f**3 - 79*f**2 + 1521*f - 1600. Calculate h(48).
-16
Let d(c) = -134*c + 73196. Determine d(546).
32
Let c(y) = -2860*y - 2099239. What is c(-734)?
1
Let m(t) = t**2 + 55*t - 110419. Calculate m(306).
47
Let c(h) = -3*h**2 + 1334*h + 6594. What is c(-5)?
-151
Let k(n) = n**3 + 92*n**2 + 356*n - 935. Calculate k(-6).
25
Let q(u) = -3*u**3 - 1255*u**2 + 835*u - 1249. Give q(-419).
8
Let v(k) = k**2 - 5178*k + 72295. Determine v(14).
-1
Let k(o) = -2*o**3 + 56*o**2 - 267*o - 100. Give k(21).
467
Let j(c) = 19*c**2 - 824*c + 290. What is j(43)?
-11
Let x(b) = -215*b**2 + 29040*b - 2051. What is x(135)?
-26
Let s(g) = -151*g**3 - 56*g**2 - 54*g + 3. Calculate s(-1).
152
Let v(m) = 776*m**2 + 7015*m + 267. Determine v(-9).
-12
Let y(a) = 12*a**2 + 175*a + 2445. Calculate y(-15).
2520
Let f(m) = -m**3 - 16*m**2 - 48*m - 202. Determine f(-9).
-337
Let v(p) = -146*p**2 - 30505*p + 1960. What is v(-209)?
79
Let l(p) = 387*p + 14300. Calculate l(-37).
-19
Let t(z) = 14283*z + 114250. Give t(-8).
-14
Let v(h) = 11*h**3 - 628*h**2 + 40*h + 980. Give v(57).
11
Let l(p) = 8*p**2 + 247*p + 1252. Calculate l(-8).
-212
Let g(n) = -21*n**2 + 26*n - 183. Determine g(5).
-578
Let g(v) = -v**3 - 14*v**2 - 93*v - 1434. Give g(-16).
566
Let l(u) = 494*u + 3182. Calculate l(-8).
-770
Let f(s) = -5593*s**2 - 206936*s + 195. What is f(-37)?
10
Let q(b) = -b**2 - 455*b + 129274. Give q(198).
-20
Let p(z) = -71*z + 4995. Calculate p(70).
25
Let r(k) = -312*k - 24840. Give r(-80).
120
Let h(l) = -l**3 + 153*l**2 - 3500*l + 63. Give h(125).
63
Let j(a) = 3*a**3 + 19*a**2 + 52*a + 52. Give j(-2).
0
Let z(i) = 93*i**2 - 211*i + 9. What is z(2)?
-41
Let w(n) = -8*n**3 + 733*n**2 + 307*n - 537. Give w(92).
2315
Let b(n) = 9474*n - 1620055. What is b(171)?
-1
Let i(h) = -4132*h - 136047. What is i(-33)?
309
Let g(v) = -v**2 - 31756*v + 3121681. Calculate g(98).
-11
Let c(h) = -h**2 + 32875*h + 230191. Determine c(-7).
17
Let w(y) = 132*y**2 + 2641*y - 5806. Give w(2).
4
Let o(g) = -29558*g + 945810. Determine o(32).
-46
Let i(o) = -30473*o + 1218888. What is i(40)?
-32
Let m(t) = 37*t + 962. What is m(32)?
2146
Let w(x) = -x**3 - 120*x**2 - 3860*x - 17385. Calculate w(-51).
6
Let v(f) = -3220*f + 28957. Determine v(9).
-23
Let j(k) = 412*k**2 + 3527*k - 117. Determine j(-8).
-1965
Let s(r) = -4099*r - 24071. Calculate s(-6).
523
Let q(o) = 2*o**3 + 523*o**2 - 329*o - 17557. Determine q(-262).
-3
Let s(h) = 88034*h + 264068. Determine s(-3).
-34
Let t(d) = -46*d**3 + 149*d**2 + 1757*d - 48. Calculate t(8).
-8
Let h(y) = y**2 + 63*y - 5417. Give h(46).
-403
Let p(j) = -2426*j - 1724906. What is p(-711)?
-20
Let o(f) = 94*f**2 - 8735*f - 9473. Determine o(94).
21
Let n(l) = -864*l - 9066. Give n(-12).
1302
Let g(k) = k**3 + 131*k**2 + 849*k + 11. Calculate g(-7).
144
Let m(i) = -2*i**2 + 593*i - 13048. What is m(24)?
32
Let z(a) = 433*a - 6979. What is z(16)?
-51
Let n(q) = 3*q**3 - 101*q**2 + 578*q + 63. What is n(26)?
-457
Let x(t) = 744*t - 11780. Calculate x(19).
2356
Let r(j) = -j**2 + j - 100. Calculate r(-7).
-156
Let p(t) = -2614258*t + 33985340. Calculate p(13).
-14
Let o(g) = -6*g**2 - 107*g - 461. Determine o(-15).
-206
Let m(z) = 10*z**2 - 422*z - 196. Give m(35).
-2716
Let c(l) = 9*l**2 + 384*l + 2307. What is c(-35)?
-108
Let a(s) = 8025749*s - 104334733